- 70. What is the hundreds digit of 973 + w/(-2) + 5?
9
Suppose 87*l = -83*l + 180*l - 42620. What is the thousands digit of l?
4
Let v(b) = -112*b. Let t be v(2). Let x = t - -360. Suppose -2*w + 40 + x = 0. What is the tens digit of w?
8
Let b(j) = j**2 - 18*j - 112. Let z be b(23). Suppose -50*c = -5*n - 48*c + 8239, -6605 = -4*n - z*c. What is the hundreds digit of n?
6
Suppose -64*r = 54*r - 412528. What is the hundreds digit of r?
4
Let a(j) be the third derivative of j**6/40 - 11*j**5/60 + j**4/24 - j**2. Suppose -15*b + 54 + 21 = 0. What is the hundreds digit of a(b)?
1
Let s(o) = -44*o**2 + 4*o - 3. Let z be s(1). Let k = -18 + z. Let a = k + 93. What is the units digit of a?
2
What is the thousands digit of 22876/8 + 33/(-22)?
2
Let s(j) = 69*j - 23. Let u = 45 + -38. Let v be s(u). Suppose -408 = -4*o + v. What is the tens digit of o?
1
Let o(k) = 170*k**3 + 4*k - 4. Let l be (1/2)/(((-20)/(-4))/10). What is the tens digit of o(l)?
7
Let t(n) = 8*n**3 - 25*n**2 + 35*n + 13. What is the units digit of t(9)?
5
Let w(d) = -d**3 + 5*d**2 + 3*d - 9. Let o be w(5). Suppose -14*s = -11*s - 1242. Suppose -o*u + 564 = -s. What is the hundreds digit of u?
1
Let f = -15058 - -21815. What is the thousands digit of f?
6
Suppose -39*k + 11*k = -13*k - 192345. What is the thousands digit of k?
2
Let w be 10312/6 + 112/48. Suppose -5*f - 1733 = -v, -12*f + 13*f = -v + w. What is the thousands digit of v?
1
What is the thousands digit of (8094/6)/(-8 + (-1060)/(-132))?
4
Let o(n) = -2*n**3 - n. Let t(y) = -11*y**3 + 32*y**2 + 83*y - 61. Let l(k) = 5*o(k) - t(k). What is the tens digit of l(35)?
5
Let t(l) = 20*l + 25. Let j(o) = 3*o - 2. Let y(i) = 20*j(i) - 5*t(i). What is the hundreds digit of y(-13)?
3
Let i be (1 + -3)*-2 + 1 + -2. Suppose 1 = i*p + 10, 1995 = 3*h - p. What is the hundreds digit of h?
6
Suppose 99882 = 117*p - 39*p - 781206. What is the units digit of p?
6
Let d(k) = 19*k**2 + 8*k + 14. Let f be d(-4). Suppose 4*v - f = 18. Suppose u - 3*y = -2*y + v, 4*u - 299 = 3*y. What is the units digit of u?
1
Let g(l) = -93 - 126*l + 28*l - 46. What is the units digit of g(-13)?
5
Let m be ((-385)/14)/11*8. What is the units digit of 10144/20 - (-4)/m?
7
Let o(j) = -j**2 - 6*j + 7. Let s be o(-7). Suppose k = 3*b - 7, -k + 5*b - 17 = -s*k. Suppose k*w - 172 = 100. What is the units digit of w?
4
Let a = 37 - 37. Let c = 21 + a. What is the units digit of (c/(-4))/((-2)/24)?
3
Let p be ((-3)/5)/((-3)/60). What is the units digit of 476*(-15)/18*p/(-10)?
6
Let s(k) = 22*k**2 + 20*k + 30. What is the thousands digit of s(-9)?
1
Let v = -9561 + 17329. What is the units digit of v?
8
Let w = 110 - 85. Suppose -485 = w*y - 11660. What is the tens digit of y?
4
Let w(n) = n**3 + 9*n**2 + 6*n + 3. Let h be w(7). Let y = h + -502. What is the units digit of y?
7
Suppose -11*k = k - 128532. Suppose -k = 52*b - 64271. What is the tens digit of b?
3
Let c(i) = 4*i**2 + 39*i + 45825. What is the thousands digit of c(0)?
5
Let d be ((-9)/2)/(22/(-1804)). Let y(p) = -3*p - 53. Let b be y(10). Let n = d + b. What is the tens digit of n?
8
Let i(t) be the third derivative of 7*t**4/6 - 43*t**3/6 + 8*t**2. What is the units digit of i(14)?
9
Let i(w) = 2*w**3 + 28*w**2 + 25*w - 24. Let j be i(-13). Let b(t) = -t**3 - 7*t**2 - 6*t - 5. What is the units digit of b(j)?
5
Suppose -6*b + 9*b + 2*y = 17, -8 = 4*y. Suppose -b*i = 6*i - 17537. What is the tens digit of i?
4
Suppose 15 = -5*m, -r + 66 = -m - 3*m. Let z = r + 8. Suppose -2*l + l + 124 = 2*y, y - z = -5*l. What is the units digit of y?
2
Suppose 0 = -15*b - 21*b - 9996 + 133656. What is the units digit of b?
5
Let i = 5595 + -3590. What is the tens digit of i?
0
Let n be 4 + -1 + 2/6*0. Suppose 5*a + 5*g - 4830 = 0, 5*a = a + n*g + 3885. What is the hundreds digit of a?
9
Let m(w) = -w**3 + 8*w**2 - 11*w - 22. Let i be m(5). What is the hundreds digit of (1097/i)/(63/(-126))?
0
Let p(n) = -15 + 45 - 12*n**2 + 8*n - 6*n + 2*n + n**3. Let u be p(12). Suppose -l + 2*l - 3*f - 18 = 0, 0 = -3*l + 3*f + u. What is the tens digit of l?
3
Suppose m + 50 = 999. Let k = 1514 - m. What is the tens digit of k?
6
Suppose -6*d + 11868 = -7*k + 3*k, -7912 = -4*d + 4*k. What is the tens digit of d?
7
Let v = 1080 + 312. What is the tens digit of v/(-29)*33/(-4)?
9
Let q be (-76)/12 + (-6)/9. Let u(l) = 10*l**2 + 8*l - 38. What is the hundreds digit of u(q)?
3
Let m be (-18)/2 - (-24)/(-6). Let a be (5/(-10))/(1/88). Let l = m - a. What is the tens digit of l?
3
Suppose -u - 35 = -2*n, n - u = -3*u + 10. Suppose -c = 5*m + 20, 4*m + n = 6*c - 3*c. Suppose -2*j + l = -0 - 4, c = 5*l. What is the units digit of j?
2
Suppose 12*l - 7*l + 150 = 0. Let y be 1*((-10)/l)/((-2)/(-30)). What is the tens digit of 1026/10 - (-2)/y?
0
Suppose -5*g + 2*a + 4 = 0, 2*g - 4 = -2*g + 2*a. Suppose 0 = -4*k - 2*s - 256, g = 5*k + 3*s - 4*s + 334. Let v = k + 112. What is the units digit of v?
6
Suppose 365220 = 25673*a - 25664*a. What is the units digit of a?
0
Suppose -3*i = -3*p - 29 - 130, 3*i + p - 167 = 0. Let l = 4 + -14. What is the hundreds digit of 6/l - (-11693)/i?
2
What is the units digit of 6300 + (-1 + 6 - 6)?
9
Suppose -291 = -2*v + 4*z - z, -5*z = -5. Suppose 2*w - 4*m + m - 309 = 0, -w - m = -v. What is the hundreds digit of w?
1
Let k(z) = -115 + 74*z**2 - 5*z + 118 + 3*z. Let l be k(1). Let s = l + -5. What is the tens digit of s?
7
Suppose -2*n + 180 = 3*u, -4*n + 320 = -0*n - 4*u. Suppose -c + n = 6*c. What is the units digit of 1*4/(c/21)?
7
Let i(b) = 14381*b**2 + 34*b - 34. What is the hundreds digit of i(1)?
3
Let g(r) = 2*r**3 - 43*r**2 - 58*r + 5. Let d be g(23). Let y be (-3*1)/(2/118). Let p = d + y. What is the units digit of p?
1
Let q(m) = -38*m**2 - 4676*m + 216. What is the thousands digit of q(-114)?
9
Suppose 0*q - 3*q = -2*a - 43, -18 = -2*q - 4*a. Let i be 2/q - ((-193)/13 + -4). Suppose 22*v - 333 = i*v. What is the hundreds digit of v?
1
Let r(v) = -v**2 + 2*v + 17. Let g be r(9). Let o = g - -49. Suppose 4*d - 192 = -2*h, -258 = -o*h + d + 3*d. What is the units digit of h?
0
Suppose 7*y + 2*y = 4*y. Suppose y*w + 5*w + 3*d = 1246, 2*w - 494 = d. What is the tens digit of w?
4
Let h be 6/(-4)*(-6 + 5 + -1). Suppose -9*u + 3588 = h*u. What is the units digit of u?
9
Let t(r) = -376*r + 9. Suppose 3*m = 15*m + 36. What is the hundreds digit of t(m)?
1
Let d be (-68)/(-14) + 2/14. Suppose 0 = -d*b + x + 28 + 4, 3*x = -6. Let u(t) = 3*t**2 + 7*t + 9. What is the hundreds digit of u(b)?
1
Suppose 6326 = 4*b - 1230. Suppose 20*h = 9351 + b. What is the units digit of h?
2
Let w(o) = o**3 + 7*o**2 - 9*o + 6. Let x be w(-8). Suppose -x*v = -22*v + 360. What is the units digit of v?
5
Suppose 55*o = 60*o - 160. Suppose -18*j + 112 = -o. What is the units digit of j?
8
Let x(s) = -450*s - 31. What is the hundreds digit of x(-12)?
3
Let n(u) = -17*u**3 + 5*u**2 + 19*u - 41. Let l be n(6). What is the units digit of l/(-3) + 1 - 95/(-285)?
1
Let w = -3903 - -10787. What is the tens digit of w?
8
Let m(l) = -5*l + 145. Let k be m(28). Suppose -3*s = -k*d + 115 - 459, -s = -5*d - 98. What is the units digit of s?
3
Let d(r) = 2*r**3 + 97*r**2 - 42*r - 86. What is the tens digit of d(-44)?
8
What is the hundreds digit of 7 + (-184)/(-138)*(-15)/2 - -19226?
2
Let n(b) = -b + 13. Suppose -7*q + 86 - 23 = 0. Let g be n(q). Suppose -a - 3 = i - 12, -g*i = a - 27. What is the units digit of i?
6
Suppose 0*n = 3*n. Suppose n = -9*u - 9 + 36. Suppose 2*w = u*w - 3*v - 151, -3*w - v + 483 = 0. What is the units digit of w?
0
Let q be ((-46)/(-6) + -7)*3. What is the hundreds digit of 32/(-32) - -256*q?
5
Let o(v) be the second derivative of v**4/3 + v**3/2 + v**2/2 - 3*v. Let n = -168 - -162. What is the hundreds digit of o(n)?
1
Let y = 110014 - 73752. What is the ten thousands digit of y?
3
Let d be 11 + 4 - 4/2. What is the tens digit of ((-6942)/(-24))/d*20?
4
Suppose -270*j + 266*j = 5*f - 173138, -2*f + 86566 = 2*j. What is the hundreds digit of j?
2
What is the units digit of ((-57589)/(-38))/(5/60)?
6
Suppose -27*t - 4324 + 233203 = 0. What is the tens digit of t?
7
Let z be 5/(-10)*2 + (-2)/(-2). Let b be (-1 - (0 + z))*-337. Suppose -23 = -4*h + b. What is the units digit of h?
0
Let a(b) = b**3 - 21*b